3) + 0
4
What is 2 + 2 - 9 - (-2 + 4)?
-7
1 + -3 + -1 + 1 - -2
0
Calculate (-4 - (-4 + 4)) + 0.
-4
Evaluate 1 + (-1 - (-1 - 0)).
1
Evaluate 3 + -1 + 5 + 41 + -42.
6
Evaluate 3 - 2 - (1 - 3).
3
What is -15 + (1 - (-5 - 2))?
-7
(-1 - 0) + (130 - 136)
-7
What is the value of 1 - (-2 + (-2 - -2) - 1)?
4
3 + (-1 + -4 - -3)
1
Evaluate (6 - 5) + (8 - 7).
2
(3 + -5 - 2) + 0
-4
What is the value of -3 - -8 - (34 - 22)?
-7
Calculate 23 + -14 + (-2 - 2) + -4.
1
2 + (-11 - -4 - -13) + -6
2
What is -3 + (3 - 4) - (1 - 5)?
0
What is the value of 7 + -7 + 1 + -4 + 1?
-2
What is -4 - (0 + -9) - 14 - -4?
-5
What is the value of (1 - 2) + -3 + 1 + 0?
-3
What is the value of (-14 - -6) + 4 + 3 + 3?
2
Evaluate -7 - (-11 - -6) - (-1 + 3).
-4
What is (2 - 1) + (-17 - -15) + 1?
0
0 - (4 - 0) - (22 - 22)
-4
What is the value of -7 + (25 - 9) - 9?
0
Evaluate -7 + -13 + 9 + (15 - 2).
2
Evaluate 6 + -2 + -1 + -3.
0
Evaluate -3 + 6 + -4 + 6.
5
Evaluate 10 - (2 - 10) - 8.
10
-2 + -2 - (-19 - -16)
-1
-2 - (0 + -1 + 4 + -2)
-3
Calculate -1 - 0 - (-2 - 1).
2
-1 + (13 + -7 - 12) + 3
-4
Evaluate (3 - 2) + (-1 - -1).
1
What is 0 - (1 - 1) - (-73 - -75)?
-2
What is -5 + (-2 + 10 - -6)?
9
What is the value of (-3 - -6) + -1 + -2?
0
Evaluate 3 + -2 + (-2 - 1) + 2.
0
What is -12 - (11 - 32) - 5?
4
Calculate 6 + (1 - 6) + 4.
5
What is the value of 4 + -5 - (5 - 1)?
-5
Evaluate -4 + -2 + (0 - -3).
-3
6 + (-4 + -1 - 6)
-5
Calculate (-4 - 0) + 7 - 4.
-1
Calculate -5 - (-20 - (3 + -9 - -1)).
10
-4 + 3 + 0 + -3
-4
Evaluate (1 + -1 - -3) + 2.
5
What is the value of (48 - 46) + (-2 - -1)?
1
What is 8 - 15 - (0 - 3)?
-4
5 + (11 + -13 - (3 + -7))
7
What is 43 + -33 + 1 + -10?
1
Evaluate (-2 - 5) + 0 + 4.
-3
What is 19 + (4 - -9 - 26)?
6
(-8 + -4 - (-2 - 1)) + 6
-3
Calculate -5 - (-11 + 8 + (5 - 2)).
-5
What is the value of -4 - -1 - (6 - 5 - 2)?
-2
Calculate (1 + -1 - -5) + -8.
-3
What is the value of 4 + ((2 - -2) + -5 - -2)?
5
What is the value of 3 + 6 - (7 + 1)?
1
2 + 2 + (2 - 1)
5
What is the value of -8 - (-1 + 3 + -5)?
-5
Evaluate 1 + (-10 - -8) + 1 + 2.
2
-1 - (1 + 3 + -4)
-1
What is 3 + -9 - (-2 - 2)?
-2
Evaluate (3 - (-3 + 7)) + 0 + -5.
-6
Calculate 7 + 15 + -18 + 0 + -2.
2
Evaluate 2 + 1 - (6 + 0 + -3).
0
What is the value of (-4 - -1) + 2 - (-69 - -76)?
-8
Evaluate 1 - (6 + (1 - 3)) - -7.
4
Calculate 6 + 3 - (5 - 1) - 3.
2
What is the value of -6 + (3 - -5) + -2?
0
What is the value of -20 + 26 + 6 + 1 - 2?
11
10 - (9 + 0) - 8
-7
Evaluate -16 + (0 - -3) - (-3 - 2).
-8
Evaluate (-4 + 9 - (0 + 4)) + -5.
-4
Calculate (-1 - 2) + 10 + -8.
-1
What is (1 - (-4 + 9)) + -1 + 0?
-5
What is -3 - -8 - (-2 + 2)?
5
What is -2 - (-5 + 4) - -5?
4
What is the value of (-8 - (7 - 7)) + 7?
-1
What is the value of 1 - -2 - (-2 + 5)?
0
Calculate (4 - 3) + 4 + -3.
2
Calculate -4 + (-4 - -8 - (1 + -5)).
4
Evaluate -31 + 31 - (9 - 2) - -1.
-6
-26 + 22 - (-5 - (-5 - -4))
0
Calculate 8 - 15 - (-8 - -2).
-1
What is the value of -1 - 1 - ((-9 - 0) + 6)?
1
What is -4 - (-15 - 0 - (-2 - 1))?
8
-3 + 6 + -2 - -2
3
What is 8 + (4 + -1 - 11)?
0
4 - 1 - (0 - (3 - 6))
0
What is the value of -3 - (16 + -12 - (-1 + 4))?
-4
What is 34 + -30 - (5 + -3)?
2
Evaluate 2 + -2 + -8 + 12.
4
Evaluate -1 + 4 + 1 + -1 - 3.
0
-2 + 6 + -37 + 30
-3
Evaluate 1 + (1 - (-3 + 0)).
5
What is (2 - (1 + -1) - 4) + 3?
1
Evaluate 8 - (8 + (-3 - 1)).
4
What is the value of (5 - -1) + (-55 - -51) + 4?
6
Calculate 6 + -5 - -1 - -3.
5
2 - 8 - (0 - 3)
-3
What is the value of 6 + -7 - 5 - -16?
10
Evaluate -6 - (-12 + (6 - 1)).
1
Calculate -8 + 1 - -4 - 3.
-6
What is the value of (19 - 10) + (2 - 9)?
2
What is -5 + (8 - 4) - -4 - 8?
-5
-2 + (3 - -3) - 6 - -2
0
Calculate (-9 + -2 - -13) + 0.
2
(2 - (7 + -2)) + (0 - 0)
-3
What is -3 + 0 - ((3 - -3) + -10)?
1
What is (-2 + 0 - -8) + -10?
-4
What is 6 + -2 + -6 + -15 + 17?
0
What is the value of 0 - (-1 + (2 - 2))?
1
-2 - -14 - (1 + 18)
-7
What is (0 - (6 - (-4 + 4))) + 4?
-2
-6 - 0 - (-5 + 11 - 9)
-3
Evaluate 4 + -3 + (2 - (-5 - -2)).
6
What is the value of -4 + (-7 - (8 + -15))?
-4
What is 5 - (-6 - -12) - -2 - -5?
6
What is -1 + -5 + 4 + (-2 - -7)?
3
What is the value of -2 + (-1 - 1 - (-4 - 0))?
0
Calculate (1 - 2) + 1 + -4 + 1.
-3
What is (-1 - -2) + -2 + 3 - 0?
2
-3 - (-6 + 5 - 0) - -6
4
Calculate -3 + (-6 - (-7 + -9)) + -5.
2
Evaluate 3 + -1 - (4 + -2).
0
Evaluate 6 + 0 + -2 + (-1 - 1).
2
Evaluate -4 + (5 - 13 - -7).
-5
What is -1 - 7 - (-10 - -6)?
-4
What is -5 + 3 - (-4 - (-3 + 1))?
0
Evaluate 2 + -4 + 2 + (6 - 3).
3
2 - (7 + (-3 - 3))
1
Calculate (-5 - -4) + -2 - -4.
1
What is 5 + -4 - 5 - (-10 + 1)?
5
-1 + 1 + 1 + 1
2
-11 - (-7 - -1 - (-1 - 0))
-6
Calculate 1 - -1 - (3 - (0 + -4)).
-5
What is the value of -29 - -23 - (1 - (1 - -11))?
5
-3 + -2 + 1 - (1 - 5)
0
What is 6 + -15 - (0 - -2 - 6)?
-5
Calculate -2 - (4 - 3 - 0 - -2).
-5
What is the value of 1 - ((57 - 62) + 1 + 3)?
2
0 + 2 + (6 - (5 + -2))
5
What is 14 + 12 + -21 + 0?
5
What is the value of 3 + -7 + (-4 - -3) - -1?
-4
What is the value of (3 - -4) + (5 - 15)?
-3
What is the value of -2 + 3 - (4 + 0) - -8?
5
What is the value of 0 + (-2 - -4) + -2 + 2?
2
Calculate 0 - -9 - 3 - 2.
4
Calculate 6 - (4 - -1 - -5).
-4
What is the value of -15 + 15 - ((-2 - -1) + -4)?
5
4 - (-5 + 10 - 0)
-1
What is the value of 2 - (1 + (0 - 1))?
2
Evaluate -1 - 3 - (-12 + 2 + 5).
1
Evaluate (0 - (-4 + 11)) + 2.
-5
What is the value of 1 - -1 - (6 + -3)?
-1
7 - ((8 - 7 - 5) + 8)
3
(-3 - -11) + -3 - (1 - -5)
-1
Calculate 1 + (-2 - 1 - (-17 - -18)).
-3
Evaluate 47 + -56 + 8 + 0.
-1
Calculate (-78 - -69) + 13 + 0.
4
-11 - (8 - 12) - -10
3
Calculate 0 + -1 - (1 - 4).
2
1 + 0 + 1 + 2
4
Evaluate 4 + -2 + 0 + 2 + -3.
1
-1 - (4 - (0 - (3 + -4)))
-4
Calculate 4 - (0 - (2 + 2) - -7).
1
2 + -1 + (-9 - -3 - -3)
-2
What is -4 - -1 - ((-5 - -10) + -7)?
-1
What is -1 + -2 + (-4 - -4 - -3)?
0
Calculate 12 - (11 + 1 + -8).
8
Evaluate (-6 - -2) + 4 + 5.
5
Evaluate 0 + (4 + 0 - (6 + -2)).
0
What is the value of -38 - -43 - (8 + 0) - 3?
-6
Calculate 9 + 1 + 1 + -6.
5
0 - -10 - (2 + 2)
6
What is the value of -8 + 3 + -1 + 3?
-3
Evaluate -4 - (2 - 2) - -4 - 3.
-3
What is the value of 4 + (-1 - 2 - -1)?
2
Evaluate 0 + 1 - ((-1 - 1) + -2).
5
What is (6 - 6 - -3) + 0 + -3?
0
Calculate -10 + 6 - 3 - -6.
-1
Calculate 3 + (2 - (0 + 2)).
3
What is the value of -1 - (3 - 3) - -1?
0
Evaluate 6 + (3 - ((1 - -1) + 3)).
4
Evaluate 9 - (7 - 7) - 2.
7
0 - (-5 - (-1 + 1))
5
5 + -1 + 2 + -7
-1
Calculate -1 + (0 - 2) - (-6 + 5).
-2
Evaluate 3 + -2 + 3 + -7.
-3
Calculate -1 - ((5 - 1) + -1).
-4
What is 0 + 0 + 0 - (9 + -11)?
2
Evaluate (-1 - 1) + -1 + 1 + -2.
-4
What is the value of -14 - (5 + (-18 - -1) - -6)?
-8
5 + -1 + (7 + -8 - 2)
1
What is the value of 26 + -22 + (0 - -2) + 0?
6
Calculate (7 - -1) + -1 + -5.
2
Evaluate 17 + -24 + 8 + (2 - 0).
3
Calculate -2 + 3 + (1 + -2 - -4).
4
1 - (6 + (-5 - -1))
-1
Calculate 6 - ((-13 - -18) + -2).
3
Calculate 15 + (3 - 13) + 0.
5
Calculate 6 - 5 - (0 + 3).
-2
What is -1 + 0 + (-3 - -2)?
-2
What is 8 - (-5 + 1 + 8)?
4
Evaluate -2 + (16 + -8 - 8).
-2
-4 + (3 - 6) + 8
1
Evaluate -5 + -5 - 2 - -21.
9
What is the value of 1 + 4 - (6 + 1)?
-2
What is 0 - 7 - (-18 + 8)?
3
What is the value of -1 - (5 + -4) - -3?
1
Calculate 7 + (-11 - -5 - 6).
-5
Calculate 7 - 9 - (-7 - -6).
-1
What is -5 + (1 - -3) + -4 + 2?
-3
What is (-1 - (2 + -5)) + -2 + -3?
-3
Calculate (2 - 7) + 2 + 8.
5
3 - (1 - (-2 - 1 - -5))
4
8 - (4 - 2 - (-2 + 0))
4
Calculate 4 + -6 + 3 - -3.
4
8 - (5 + (-6 - (4 - 4)))
9
What is the value of (-12 + 14 - (6 + 4)) + 3?
-5
Calculate -9 + (0 - -10) + 2 + -6.
-3
What is the value of 25 + -24 - (1 + 2)?
-2
What is (-2 - 14) + -12 + 20?
-8
Calculate (-1 - 1 - 4) + 4.
-2
-17 - -9 - (-12 - -3)
1
What is 10 + -1 - -1 - (15 - 11)?
6
Evaluate (0 - -3) + (5 - (1 - -9)).
-2
What is the value of 8 - (0 + 0 + 3)?
5
What is the value of 10 + -4 + 3 + 2 + -3?
8
Evaluate (1 - 2) + -1 + 0.
-2
14 + -17 + -6 + 14
5
What is (4 + 1 - 5) + 3?
3
Calculate 66 + -65 - (6 - (0 + 0)).
-5
Calculate -3 + (5 - 0) + -1.
1
4 + (-2 + 0 - -2)
4
12 - -1 - (3 - 0 - 0)
10
Evaluate 23 + -6 + -4 + -5.
8
2 + (3 - (3 + -2))
4
What is -18 + 8 + 2 - -4?
-4
-1 - -1 - (-17 + 21)
-4
What is the value of 2 - (-26 + 12) - 9?
7
(14 - 3) + 3 - (47 + -41)
8
Evaluate 0 - (6 + -4 - 5).
3
67 + -7